2, 7, 11, 59, 67
List the prime factors of 1043294.
2, 7, 74521
What are the prime factors of 10378696?
2, 1297337
What are the prime factors of 777722?
2, 11, 23, 29, 53
List the prime factors of 105932.
2, 71, 373
List the prime factors of 25429866.
2, 3, 7, 11, 19, 2897
List the prime factors of 1613742.
2, 3, 13, 17, 1217
List the prime factors of 914580.
2, 3, 5, 5081
What are the prime factors of 4650993?
3, 172259
List the prime factors of 672186.
2, 3, 112031
What are the prime factors of 5979108?
2, 3, 498259
List the prime factors of 863560.
2, 5, 21589
List the prime factors of 173853.
3, 47, 137
List the prime factors of 1516529.
7, 216647
What are the prime factors of 219495?
3, 5, 14633
What are the prime factors of 664103?
11, 60373
List the prime factors of 90793.
90793
List the prime factors of 20016647.
7, 23, 17761
What are the prime factors of 781632?
2, 3, 23, 59
List the prime factors of 3522579.
3, 1174193
List the prime factors of 313455.
3, 5, 20897
What are the prime factors of 4243959?
3, 47, 79, 127
List the prime factors of 4844644.
2, 7, 173023
List the prime factors of 43395.
3, 5, 11, 263
What are the prime factors of 1190885?
5, 29, 43, 191
List the prime factors of 14997524.
2, 29, 129289
What are the prime factors of 755783?
7, 101, 1069
What are the prime factors of 914481?
3, 17, 43, 139
List the prime factors of 110424.
2, 3, 43, 107
List the prime factors of 1608995.
5, 321799
What are the prime factors of 43112472?
2, 3, 13, 138181
List the prime factors of 596866.
2, 19, 113, 139
What are the prime factors of 5478233?
17, 322249
List the prime factors of 511128.
2, 3, 31, 229
What are the prime factors of 8197711?
2221, 3691
What are the prime factors of 5007164?
2, 1251791
List the prime factors of 28425910.
2, 5, 2842591
What are the prime factors of 4368648?
2, 3, 182027
What are the prime factors of 1410391?
331, 4261
What are the prime factors of 2982044?
2, 13, 57347
List the prime factors of 2211543.
3, 19, 479
List the prime factors of 6774.
2, 3, 1129
What are the prime factors of 9752773?
71, 137363
List the prime factors of 5125924.
2, 29, 44189
What are the prime factors of 111345?
3, 5, 13, 571
List the prime factors of 1419011.
11, 129001
List the prime factors of 256702.
2, 128351
List the prime factors of 13531137.
3, 149, 30271
What are the prime factors of 20611516?
2, 37, 139267
List the prime factors of 2095325.
5, 83813
What are the prime factors of 1097914?
2, 548957
List the prime factors of 1678038.
2, 3, 149, 1877
What are the prime factors of 3299812?
2, 409, 2017
List the prime factors of 1610067.
3, 71, 7559
What are the prime factors of 18343647?
3, 7, 291169
What are the prime factors of 3215974?
2, 1607987
What are the prime factors of 126194?
2, 63097
List the prime factors of 1886925.
3, 5, 139, 181
What are the prime factors of 22197341?
79, 280979
List the prime factors of 3656712.
2, 3, 152363
What are the prime factors of 4744819?
17, 79, 3533
What are the prime factors of 299653?
299653
What are the prime factors of 920476?
2, 359, 641
What are the prime factors of 1898789?
211, 8999
What are the prime factors of 664398?
2, 3, 7, 5273
List the prime factors of 34586612.
2, 19, 571, 797
What are the prime factors of 114756?
2, 3, 73, 131
What are the prime factors of 2520787?
19, 181, 733
What are the prime factors of 27532791?
3, 11, 13, 2377
What are the prime factors of 179370?
2, 3, 5, 1993
What are the prime factors of 3172210?
2, 5, 149, 2129
List the prime factors of 754140.
2, 3, 5, 12569
What are the prime factors of 557619?
3, 185873
List the prime factors of 7215832.
2, 13, 69383
List the prime factors of 1850388.
2, 3, 271, 569
What are the prime factors of 1451898?
2, 3, 7, 23, 167
What are the prime factors of 1591871?
1591871
What are the prime factors of 183005?
5, 17, 2153
List the prime factors of 17602133.
409, 43037
List the prime factors of 109922.
2, 17, 53, 61
What are the prime factors of 134503?
134503
List the prime factors of 129983.
7, 31, 599
What are the prime factors of 169599?
3, 56533
What are the prime factors of 512040?
2, 3, 5, 17, 251
List the prime factors of 23146229.
23146229
What are the prime factors of 6264087?
3, 29, 89, 809
List the prime factors of 300465.
3, 5, 11, 607
List the prime factors of 749708.
2, 23, 29, 281
List the prime factors of 18460547.
7, 2637221
List the prime factors of 195533.
13, 89
List the prime factors of 215926.
2, 107, 1009
List the prime factors of 328569.
3, 31, 3533
List the prime factors of 740387.
740387
List the prime factors of 425890.
2, 5, 42589
List the prime factors of 5163232.
2, 47, 3433
What are the prime factors of 13771592?
2, 1721449
What are the prime factors of 266926?
2, 11, 1103
What are the prime factors of 662802?
2, 3, 7, 43, 367
What are the prime factors of 116319?
3, 7, 29, 191
List the prime factors of 7031293.
7031293
List the prime factors of 1369127.
349, 3923
What are the prime factors of 15948348?
2, 3, 13, 102233
What are the prime factors of 47115?
3, 5, 349
What are the prime factors of 131736?
2, 3, 11, 499
List the prime factors of 584648.
2, 107, 683
List the prime factors of 1707963.
3, 569321
List the prime factors of 370381.
11, 3061
What are the prime factors of 4343863?
1471, 2953
List the prime factors of 349966.
2, 233, 751
What are the prime factors of 26347662?
2, 3, 11, 133069
List the prime factors of 865072.
2, 13, 4159
What are the prime factors of 11245329?
3, 1249481
List the prime factors of 1683362.
2, 19, 31, 1429
What are the prime factors of 16405863?
3, 41, 83, 1607
What are the prime factors of 9381261?
3, 3127087
List the prime factors of 55881.
3, 7, 887
List the prime factors of 188697.
3, 31, 2029
List the prime factors of 5194816.
2, 11, 47, 157
List the prime factors of 50408.
2, 6301
What are the prime factors of 137810?
2, 5, 13781
What are the prime factors of 283560?
2, 3, 5, 17, 139
What are the prime factors of 710152?
2, 29, 3061
List the prime factors of 513923.
513923
List the prime factors of 1762914.
2, 3, 43, 6833
What are the prime factors of 461644?
2, 131, 881
What are the prime factors of 124005?
3, 5, 7, 1181
List the prime factors of 201332.
2, 50333
What are the prime factors of 1432461?
3, 59, 8093
What are the prime factors of 156142?
2, 7, 19, 587
What are the prime factors of 293225?
5, 37, 317
List the prime factors of 59331.
3, 19777
What are the prime factors of 16433944?
2, 71, 28933
What are the prime factors of 16155642?
2, 3, 1433, 1879
List the prime factors of 410298.
2, 3, 7, 9769
What are the prime factors of 453203?
17, 53, 503
List the prime factors of 107598.
2, 3, 79, 227
What are the prime factors of 1127886?
2, 3, 317, 593
List the prime factors of 700976.
2, 193, 227
List the prime factors of 2441168.
2, 271, 563
What are the prime factors of 226917?
3, 19, 1327
What are the prime factors of 113039?
113039
List the prime factors of 31765678.
2, 7, 2268977
What are the prime factors of 11401587?
3, 37, 101, 113
List the prime factors of 1085181.
3, 361727
List the prime factors of 53249.
7, 7607
List the prime factors of 252151.
252151
List the prime factors of 475051.
475051
What are the prime factors of 396755?
5, 73, 1087
What are the prime factors of 1586250?
2, 3, 5, 47
List the prime factors of 2201920.
2, 5, 7, 983
What are the prime factors of 216399?
3, 53, 1361
What are the prime factors of 208586?
2, 7, 47, 317
List the prime factors of 534761.
37, 97, 149
List the prime factors of 236202.
2, 3, 39367
What are the prime factors of 90563?
11, 8233
List the prime factors of 1887341.
1887341
What are the prime factors of 7014801?
3, 2338267
What are the prime factors of 275667?
3, 7, 13127
List the prime factors of 835499.
7, 17, 59
List the prime factors of 1794496.
2, 11, 2549
List the prime factors of 121965.
3, 5, 47, 173
List the prime factors of 107131.
149, 719
List the prime factors of 4449243.
3, 829, 1789
List the prime factors of 2221801.
31, 71671
What are the prime factors of 61102?
2, 137, 223
List the prime factors of 1772392.
2, 221549
What are the prime factors of 227233?
227233
List the prime factors of 662018.
2, 7, 47287
What are the prime factors of 315734?